. What is c(g)?
-4
Let w = 8 + -3. Let r(o) = 7*o**3 - 13*o**2 - 17*o + 3. Let d = -5 - -13. Let s(i) = -11*i**3 + 20*i**2 + 26*i - 4. Let j(g) = d*r(g) + 5*s(g). Determine j(w).
-1
Let m(z) = -z - 2. Let j(q) = q**2 + 10*q - 7. Let w be ((-1)/(-1))/((-2)/22). Let f be j(w). Give m(f).
-6
Let u(j) be the first derivative of 5*j**3/6 - 3*j**2/2 + 5*j - 5. Let k(o) be the first derivative of u(o). Calculate k(4).
17
Let o(t) = 1 - 6*t + 3*t + 0*t. Suppose 0 = g + 3 - 5. Let u(k) = k**3 - 3*k**2 + k + 1. Let v be u(g). Calculate o(v).
4
Let r be 80/(-13) + 2/13. Let q(j) = j**3 + 7*j**2 + 9*j + 1. What is q(r)?
-17
Let v(a) = a + 10. Let u = 20 - 20. Determine v(u).
10
Let d(b) be the first derivative of -2*b**3/3 - 3*b**2/2 + 2*b + 2. Let n(l) be the first derivative of d(l). Let w = 1 + -3. What is n(w)?
5
Let d(q) be the second derivative of q**5/4 - q**3 - 7*q**2/2 - 7*q. Let v(b) = 10*b**3 - 11*b - 13. Let x(l) = 11*d(l) - 6*v(l). What is x(-1)?
6
Let x(w) = -5*w**2 - 12. Let n(u) = u**2 + 1. Let r(b) = 6*n(b) + x(b). Let d be r(0). Let p(y) = -y**3 - 5*y**2 + 4*y + 3. Determine p(d).
15
Let v(i) be the first derivative of 3 - 1/2*i**2 - 2*i. Determine v(-3).
1
Let y(m) = 6*m**2 + 6*m**3 + 0*m**3 - 7*m**3 + m - 6. Suppose -3*b + 4*a = 0, -b - 2*a = a. Suppose v + 2 = u, b*u + 5*u + 5*v = 50. Determine y(u).
0
Let n = 24 - 27. Let p(y) = y**2 + 2*y. Calculate p(n).
3
Let k = 26 + -19. Let v(q) = q**2 - 6*q - 7. Give v(k).
0
Let o = -3 - -9. Suppose -2*x = 3*q - 14, q - 2*x = o*q - 22. Let b(w) = 4*w + 6 - q*w - w. Determine b(0).
6
Suppose -t = -27 + 6. Let a = -13 + t. Let z(c) = -c - c + 0*c + a + 3*c. What is z(-5)?
3
Let i(m) be the first derivative of 7*m**2/2 + m - 356. Suppose -8 + 3 = 5*n. Determine i(n).
-6
Let u(o) = -2*o**2 + o - 1. Let l(w) = -w - 3. Let i(b) = b + 2. Let r(m) = 5*i(m) + 4*l(m). Let n be r(7). Let s = n - 3. Determine u(s).
-7
Let u(j) = 10*j + 5. Let t be (-3 + 2)/(2/14). Let l(i) = 3*i + 2. Let d(m) = t*l(m) + 2*u(m). Let y(w) = 7*w - 4. Let v be y(1). What is d(v)?
-7
Let l(s) = s**2 - s - 1. Let u(a) = -7*a**2 + 14*a - 4. Let z(k) = -6*l(k) - u(k). What is z(7)?
3
Let z(k) = 3*k + 6. Let r(d) be the second derivative of -d**3/3 - 2*d**2 - d. Let w(u) = -7*r(u) - 5*z(u). What is w(-3)?
1
Let p(h) = -h**2 + 2*h + 6. Let t(x) = x**2 - 2*x - 5. Let z(u) = -6*p(u) - 7*t(u). Calculate z(2).
-1
Let p(z) be the first derivative of -z**4/4 - 7*z**3/3 + z**2/2 + 3*z + 8. Calculate p(-7).
-4
Let k = 17 - 13. Suppose -k*j - 12 = -j. Let n(w) = w**2 + 3*w - 1. Calculate n(j).
3
Let x(s) = -s + 17. Let n be x(0). Let c(w) = 2*w**2 - n*w + 2 - 3 + 13*w. Give c(3).
5
Let l(z) = -2*z + 8. Suppose -6*s + 3*s = -15. Let a(h) = -3*h + 15. Let x(m) = s*l(m) - 3*a(m). Calculate x(-5).
0
Suppose 0 = 3*s - 2*k - 17, -k - 14 = -2*s + k. Let b = 2 - 0. Let h = b + s. Let v(u) = -u**3 + 5*u**2 + 2. What is v(h)?
2
Let l(p) = p**3 + 6*p**2 + 5*p + 1. Suppose -5*q - 21 = 5*a - 3*q, 2*a + 20 = 5*q. Determine l(a).
1
Let v(x) = -3*x**3 + 4*x - 2. Let k(l) = -5*l**3 + l**2 + 7*l - 4. Let p(q) = -4*k(q) + 7*v(q). Let z(f) = -4*f + 1. Let g be z(1). What is p(g)?
-7
Let x(b) = -27*b. Let i(c) = 7*c. Let s(r) = -9*i(r) - 2*x(r). Suppose 3*w + 0*w + 3 = 0. Calculate s(w).
9
Let w(q) = 2*q + 1 - 4*q + q**2 + 1. Suppose 2*m - 23 = -p - 4*p, p - 5*m + 17 = 0. Calculate w(p).
5
Let f(t) = 2 - 250*t**2 + 506*t**2 - 3*t - 254*t**2. Suppose -2 - 4 = -3*h. Calculate f(h).
4
Let r(q) be the second derivative of q**5/20 + q**4/3 + 7*q**3/6 + 5*q**2/2 + 20*q. What is r(-4)?
-23
Let q(n) = -7*n + 4. Let c be q(-4). Suppose 4*p + 0*v - c = -2*v, -36 = -4*p - 4*v. Let g(l) = l**2 - 7*l - 6. Calculate g(p).
-6
Let y(x) = -x**2 - 2*x - 4. Let d(l) = -l**2 - l - 2. Let m = -17 + 22. Let r(s) = m*d(s) - 2*y(s). Suppose -2*g - 2*g = 8. Calculate r(g).
-12
Let t(z) be the second derivative of -z**5/20 + z**4/3 - z**3/6 + z**2 - 6*z. Let u be 10/3*12/10. Determine t(u).
-2
Let h(i) = -7*i**3 - 2*i**2 - 5*i. Let o(t) = -6*t**3 - t**2 - 4*t. Let w(c) = -5*h(c) + 6*o(c). Let m = 16 - 3. Let f = -9 + m. Give w(f).
4
Let p(s) = -s**3 + 2*s**2 + 3*s - 1. Let i be p(3). Let a = i - -3. Let t(j) = j**2 + j**3 + 4*j**3 + 0*j**3 - a*j**3 - 1. Give t(1).
3
Let t(m) be the third derivative of -m**5/60 + 19*m**3/6 - 11*m**2. Determine t(0).
19
Suppose 5 - 8 = b. Let l(r) = -2*r**2 + 4. What is l(b)?
-14
Let i = -15 + 11. Let t(h) = h - 4. What is t(i)?
-8
Let q(b) be the first derivative of 5/2*b**2 - 3*b + 5 - 2/3*b**3. Give q(3).
-6
Let w(p) = -7*p**2 - p - 3. Let g(f) = -20*f**2 - 3*f - 10. Let d(l) = -6*g(l) + 17*w(l). Let a = 24 - 24. Give d(a).
9
Suppose 3 = -2*c + 1. Let u(v) = -4*v**3 - v**2 - v - 4. Let o(j) = -3*j**3 - j**2 - j - 3. Let w be (1/1)/(3/9). Let n(z) = w*o(z) - 2*u(z). What is n(c)?
0
Let v(c) = -c - 3*c - c + 6*c. Calculate v(0).
0
Let x(k) = -11*k**2 + k + 1. Suppose 8*o - 5 + 13 = 0. Determine x(o).
-11
Let y(i) = 3*i**3 - 3 + i**3 - 3*i**3. Let n(g) = g + 3. Let a = -12 - -9. Let f be n(a). Calculate y(f).
-3
Let w(f) = -28*f + 2. Let r(b) = 13*b - 1. Let o(h) = 13*r(h) + 6*w(h). Give o(-5).
-6
Suppose 0 = 3*q + 3*f - 9, 3*q = f + f + 19. Let d(k) = -k**3 - q*k**2 - 3*k + 2 + 0*k**2 + k. Let p be (0 - 1)*(-2)/(-1). Calculate d(p).
-6
Let i(x) be the first derivative of -x**4/4 + 4*x**3/3 + 5*x**2/2 + 2*x - 5. Determine i(5).
2
Let c(q) be the first derivative of q + 1/3*q**3 + 3*q**2 + 1. Calculate c(-5).
-4
Let l(a) = 5*a - 18. Let k be l(5). Let z(w) = w**3 - 6*w**2 - 8*w - 4. What is z(k)?
-11
Let t = -5 - -4. Let k(n) = -n**2 - 1. Let x(d) = 6*d**2 - 4. Let c(y) = t*x(y) + 3*k(y). Calculate c(-1).
-8
Let r(g) = g**2 - g - 1. Let z be 1/(-4 + (-17)/(-4)). Suppose -z*y + 4*u + u = -28, 4*y = -3*u - 4. Give r(y).
1
Let v(i) be the third derivative of i**5/60 + i**4/6 + i**3/3 - 6*i**2. Calculate v(-4).
2
Let w(o) = -o**3 - 4*o**2 + 3*o - 2. Let i(l) = l**2 + 3*l + 1. Let a(p) = p**2 + 4*p + 2. Let q(j) = 4*a(j) - 3*i(j). Let z = 6 - 11. Let c be q(z). Give w(c).
8
Let c be ((-4)/10)/(1/(-5)). Let u(b) = 4*b - 1. Let t(o) = -13*o + 3. Let n(q) = c*t(q) + 7*u(q). What is n(-1)?
-3
Let g(m) be the first derivative of m**2/2 + 19. Give g(1).
1
Let z be ((-20)/(-8))/(1/2). Suppose -4*y - z + 21 = 0. Suppose t + 4*t - 28 = -4*x, 4*t = -y*x + 24. Let c(k) = k**3 - 2*k**2 - k. Determine c(x).
-2
Let z(s) = -4*s + 14. Let f be z(4). Let p(i) = i**3 + i**2 - 3*i - 1. What is p(f)?
1
Let a(g) be the third derivative of -2*g**2 + 1/30*g**5 + 1/720*g**6 + 0*g**3 + 0*g + 0 + 1/12*g**4. Let l(c) be the second derivative of a(c). Give l(-2).
2
Let h be 58/(-14) - 1/(-7). Let n(w) = -w - 3. Calculate n(h).
1
Let a(n) = n**2 - n - 6. Suppose 0 = -2*f + 6, 4*d - 2*f + 5*f = 9. What is a(d)?
-6
Let s(g) = g + 1. Let u = 33 - 20. Suppose -x = -5*i - u, 2*x + 5*i = i - 2. Calculate s(x).
4
Let b(p) be the second derivative of p**5/20 - p**4/3 - p**3/3 - p**2/2 + 19*p. Calculate b(4).
-9
Let b(v) = -v**3 - v**2 + 3*v - 3. Suppose 0 = -3*p + 2*k - 15, 2*k - k = -p. Give b(p).
6
Let p be -4 - (-5)/(10/4). Let b be 1*5/((-5)/p). Let q(g) = -2*g**2 + 3*g - 1. Give q(b).
-3
Let g(a) = 6*a**3 + a**2 - 2*a + 1. Let d = 10 + -16. Let p(r) = -r**2 - 5*r + 7. Let q be p(d). Calculate g(q).
6
Let m(s) = -s**3 - 24*s**2 - 23*s + 1. Let f be m(-23). Let p(v) = -v - 1. Let j(t) = -8*t - 5. Let y(n) = j(n) - 5*p(n). Give y(f).
-3
Let i(f) = f**2 + 6*f + 4. Let a(v) = 0*v**2 + v - 3 + 0*v**2 - v**3. Suppose 0*j = j. Let y be a(j). Give i(y).
-5
Let x = -60 - -59. Let o(l) = 2 - 1 - 2*l - 2*l. What is o(x)?
5
Let o(c) = c**3 + 4*c**2 - 4. Let l(w) = 1. Let p(m) = -1. Let n(x) = -3*l(x) - 2*p(x). Let q(g) = 4*n(g) - o(g). Calculate q(-4).
0
Let q(k) be the first derivative of k**4/4 + 7*k**3/3 + 7*k**2/2 + 8*k - 21. What is q(-6)?
2
Let v = -22 - -16. Let i(m) = -4*m - 7 - 4 + 3*m. Give i(v).
-5
Let t(l) = -4*l**2 + 3*l - 2. Let a(j) = 9*j**2 - 6*j + 4. Let g(v) = -3*a(v) - 7*t(v). Determine g(2).
0
Suppose -3*c - r + 6 = 0, 2*c + 0 = -3*r + 4. Let v(t) be the first derivative of 1/2*t**2 - 3*t - 1. Determine v(c).
-1
Let u(r) = -4*r - 4. Let m be u(-2). Let n = 0 + 2. Let w(t) = 2 - 2*t - 3 - n. Calculate w(m).
-11
Let v(n) = -n**3 - 6*n**2 - 7*n - 6. Suppose 0 = y - 2*q - 0 + 5, 5*y -